ed by l(j).
11
Let q(u) = u**3 + 7*u**2 + 3*u - 8. Let t = 3 + -9. Calculate the remainder when q(t) is divided by 7.
3
Let l(n) = -n**2 + n + 3. Let y be l(-4). Let b = 27 + y. Calculate the remainder when b is divided by 6.
4
Let g = 21 + -4. Suppose -283 = -7*u + 291. What is the remainder when u is divided by g?
14
Let w(r) = -2*r + 5. Let p(g) = 25*g - 1. Calculate the remainder when p(1) is divided by w(-4).
11
Let v be 2/4 + 9/6. Suppose 3*h - 34 = v. Let p(u) = 3*u**2 - 2*u + 1. Calculate the remainder when p(-3) is divided by h.
10
Let b = -64 - -106. Suppose -2*h = 5*r - 51, 2*h - 4*h = 4*r - b. Calculate the remainder when r is divided by 6.
3
Calculate the remainder when 33 is divided by (-6 - (-7 + 3)) + 11.
6
Let p(z) = z + 2. Let r = -5 - -25. Let u = r + -14. Calculate the remainder when 22 is divided by p(u).
6
Suppose 4*z = 18*z - 14. Calculate the remainder when 1 - 2*2/(-2) is divided by z.
0
Let d(f) = 4*f + 10. Let p(b) = -b**2 - 7*b - 4. Let x be p(-3). What is the remainder when d(7) is divided by (-238)/(-18) - x/36?
12
Suppose 5*o = -l + 56, o = 4*o + 2*l - 35. Suppose o = j + 5. What is the remainder when 16 is divided by j?
4
Let l = -5 + 8. Suppose -2*z - 31 = -3*z + 2*f, l*z = -f + 86. Calculate the remainder when z is divided by 1 + -1 - (-20)/2.
9
Suppose 3*i - 69 = 105. What is the remainder when i is divided by 4/(-10) - (-1216)/40?
28
Let z(l) = 2*l**3 + 4*l**2 + 3*l + 2. Let k be z(-2). Suppose -5*v - 22 = 2*c + 2*c, 0 = -2*c + 3*v. What is the remainder when c + (-4)/2*k is divided by 2?
1
Suppose 3*u - 4*w = -0*u + 24, 2*u = -5*w + 16. Suppose 3*h = -h + 264. What is the remainder when -5*(h/15)/(-1) is divided by u?
6
Suppose -k + 2 = -0*k. Let i(s) = s**3 + 6*s**2 + 4*s + 2. Let n be i(-5). Let q = n - k. Calculate the remainder when 18 is divided by q.
3
Suppose -7*u + 163 - 9 = 0. What is the remainder when 131 is divided by u?
21
Suppose 3 = -2*q + 11. Suppose -w = -2, -2*w = -2*t - q - 0. Suppose t = -5*v + 28 + 87. Calculate the remainder when v is divided by 13.
10
Suppose c - 4*g = -4*c + 33, -4*g + 48 = 4*c. What is the remainder when 14 is divided by c?
5
Let p(l) = -l + 8. Let y(v) be the third derivative of v**5/30 - v**4/12 - v**3/6 - 2*v**2. What is the remainder when p(-12) is divided by y(3)?
9
Suppose 2*a - 43 - 35 = 0. What is the remainder when a is divided by 10?
9
Let a(o) be the second derivative of -o**5/20 - 3*o**4/4 - 11*o**3/6 + 3*o**2/2 + 3*o. Calculate the remainder when a(-8) is divided by 7.
6
Let m = 10 - -38. What is the remainder when m is divided by 25?
23
Suppose -2*y - 4 = -14. Calculate the remainder when 12 is divided by y.
2
Suppose 0 = 5*b - 10*b + 100. Suppose 20 = 5*k + x - b, -4*x + 20 = 0. Calculate the remainder when 20 is divided by k.
6
Suppose 2*b = -q + 31, q + 0 - 3 = 0. Let k(a) = 2*a + 1. Let m be k(3). Suppose -u - m = -47. Calculate the remainder when u is divided by b.
12
Let y = 25 - 7. What is the remainder when y is divided by 7?
4
Let t = 66 + -56. Calculate the remainder when 28 is divided by t.
8
Suppose 9 = -3*p, 2*k + 2*p = 5*p + 17. Suppose 36 = 2*d - k*d. Let f = d + 44. What is the remainder when f is divided by 14?
12
Let v(f) = 3*f - 3. Let o be v(2). Let g be ((-3)/o)/(1/(-3)). Let x = g - -24. Calculate the remainder when x is divided by 14.
13
Suppose -3*u + 3*a = -114, -4*u + 13 = 4*a - 147. Let l(d) = -20*d**3 + d + 1. Calculate the remainder when (2 - 4)*u/(-2) is divided by l(-1).
19
Suppose 6 = -2*x + 4. Let c = x + 35. What is the remainder when c is divided by 12?
10
Suppose -f = -3*m - 7, 0 = -2*f + m + m + 10. Suppose 3*u - f*u + 16 = 0. Calculate the remainder when (48 - 0) + -1 + 0 is divided by u.
15
Suppose 26*y - 34*y = -648. What is the remainder when y is divided by 17?
13
Suppose -4*t + 3*v = 4*v - 97, 0 = 4*t + 5*v - 85. What is the remainder when 48 is divided by t?
23
Suppose -c + 23 - 13 = 0. Calculate the remainder when 68 is divided by c.
8
Suppose -36 = 5*k + 29. Let d = k - -28. Let h = d - -6. Calculate the remainder when 62 is divided by h.
20
Suppose -6 = -y + 4*y. Let s = 17 - y. Calculate the remainder when 73 is divided by s.
16
Let z(o) = -3*o. Let x be (-9)/(-6)*4/3. Let c be z(x). Let g = c + 8. What is the remainder when 5 is divided by g?
1
Suppose 0 = 4*z - 5*z - 14. What is the remainder when -2 - -2 - 3 - z is divided by 4?
3
Suppose 3*u + 5*v - 359 = 0, -59 = -u + 2*v + 57. Calculate the remainder when u is divided by 8.
6
Let n(z) = -z**2 + z - 5. Let h(t) = t**2 + 4. Let s(x) = 7*h(x) + 6*n(x). Let o(u) = 26*u**2 + 2*u - 1. What is the remainder when o(1) is divided by s(-8)?
13
Let g(v) = v**2 + 2*v - 2. Calculate the remainder when 23 is divided by g(-4).
5
Suppose 4*p = m - 34 - 42, 0 = 4*m + 5*p - 367. What is the remainder when m is divided by 30?
28
Let y be 63/27 - (-2)/3. Suppose 5*w - 7 = -u - 0*u, y*w = 2*u - 53. What is the remainder when u is divided by 13 - 2 - (-1 - 0)?
10
Suppose -3*b - 14 = -4*b. What is the remainder when 41 is divided by b?
13
Suppose 5*z = -4*y + 156, -144 = -5*z - 0*z - y. What is the remainder when z is divided by (-3)/(-5) + 94/10?
8
Suppose -5*j - 15 = -6*j - 3*l, 5*j + l = 19. What is the remainder when ((-3)/5 + 0)*-15 is divided by j?
0
Let r(x) = x**2 - 3*x - 6. Calculate the remainder when (-1)/((-4)/(-52)*-1) is divided by r(5).
1
Suppose -2*b - 2*b + 100 = 0. Suppose a + 68 = 3*k + 2*k, 2*k - 35 = 3*a. Calculate the remainder when b is divided by k.
12
Suppose -6*o - 99 = -9*o. Let k = o + -19. What is the remainder when k is divided by ((-6)/(-4))/((-3)/(-10))?
4
What is the remainder when 13 + -8*(-1)/(-2) is divided by (2/(-3))/((-4)/18)?
0
Suppose -3*y + 11 = -2*v + 4*v, 2*y - 24 = 2*v. Suppose -y = 3*w - 4*w. Calculate the remainder when (-2)/(2 + 40/(-19)) is divided by w.
5
Calculate the remainder when (-12)/16 + 19/4 is divided by 2.
0
Let n(c) = 4*c + 8. Let y(m) = -4*m - 9. Let a(v) = -3*n(v) - 2*y(v). Calculate the remainder when 18 is divided by a(-4).
8
Let w(p) = 2*p - 9. What is the remainder when 3 is divided by w(6)?
0
What is the remainder when 21*(10/3)/2 is divided by 13?
9
Let z(s) = -5*s - 102. Calculate the remainder when -1 - (0 + 0 - 97) is divided by z(-27).
30
Let u(v) = v**3 + 29*v**2 - 29*v + 68. What is the remainder when 188 is divided by u(-30)?
36
Suppose 54 = -4*r + 14. Let s = r + 24. Calculate the remainder when 25 is divided by s.
11
Suppose -5*u = -4*u - 4. Suppose -4*j - 4*q + 15 = -3*j, u*q = -4*j + 24. Suppose -j*t = t - 8. Calculate the remainder when 5 is divided by t.
1
Let j(f) be the second derivative of f**5/20 + 5*f**4/12 + 2*f**3/3 + f**2/2 + f. Let s = 38 - 25. Calculate the remainder when s is divided by j(-3).
6
Suppose -3*w = -2*h + 3 - 81, 2*w + 104 = -3*h. Let z = -24 - h. Calculate the remainder when 22 is divided by z.
10
Suppose -3*o = -6*o. Suppose 2*z + o*z - 15 = 3*d, 2*d - 9 = -5*z. Calculate the remainder when 7 is divided by z.
1
Suppose -2*p = -8*p + 24. Calculate the remainder when 26 is divided by p.
2
Let f = 4 - 0. Let p(s) = 48*s**2 - 1. Let o be p(-1). Suppose f*d + 15 = o. Calculate the remainder when 14 is divided by d.
6
Let l(k) = k**2 - 5*k + 11. Calculate the remainder when l(6) is divided by 2.
1
Suppose -w - 57 = -3*v, 2*w + w + 81 = 4*v. Let y be 2*1 + (-243)/(-3). Let p = -48 + y. Calculate the remainder when p is divided by v.
17
Let q(h) = -h**3 + 9*h**2 + 2*h - 3. What is the remainder when 27 is divided by q(9)?
12
Let k(u) = u**3 + 10*u**2 - u + 13. Calculate the remainder when k(-10) is divided by 8.
7
Let v(u) = 2*u**2 - 2*u - 2. Let o = -8 + 5. Calculate the remainder when v(o) is divided by 12.
10
Suppose 6*w + 2*w = 64. What is the remainder when 29 is divided by w?
5
Let h = -31 + 62. Let c = h - 19. Suppose -2*a - 14 = -82. What is the remainder when a is divided by c?
10
Suppose -2*j + 323 = -3*o, 84 + 251 = 2*j + o. Calculate the remainder when j is divided by 14.
12
Let j(u) = 34*u**2 + 4*u - 3. Let p be j(2). Suppose -406 = -5*v - p. What is the remainder when v is divided by 18?
17
Let f(q) = -q + 2. Calculate the remainder when (2/3)/(10/75) is divided by f(0).
1
Let y = -41 - -59. Calculate the remainder when 71 is divided by y.
17
Let x be ((-1